{"id":274,"date":"2023-03-15T16:18:44","date_gmt":"2023-03-15T15:18:44","guid":{"rendered":"https:\/\/groupe-feuilleblanche.fr\/?page_id=274"},"modified":"2024-06-17T15:23:36","modified_gmt":"2024-06-17T13:23:36","slug":"home-2","status":"publish","type":"page","link":"https:\/\/groupe-feuilleblanche.fr\/","title":{"rendered":"HOME"},"content":{"rendered":"\t\t<div data-elementor-type=\"wp-page\" data-elementor-id=\"274\" class=\"elementor elementor-274\">\n\t\t\t\t\t\t\t\t\t<section class=\"elementor-section elementor-top-section elementor-element elementor-element-31b43aa elementor-section-height-min-height elementor-section-boxed elementor-section-height-default elementor-section-items-middle wpr-particle-no wpr-jarallax-no wpr-parallax-no wpr-sticky-section-no wpr-equal-height-no\" data-id=\"31b43aa\" data-element_type=\"section\" data-settings=\"{&quot;background_background&quot;:&quot;classic&quot;}\">\n\t\t\t\t\t\t<div class=\"elementor-container elementor-column-gap-no\">\n\t\t\t\t\t<div class=\"elementor-column elementor-col-50 elementor-top-column elementor-element elementor-element-8089f86\" data-id=\"8089f86\" data-element_type=\"column\" data-settings=\"{&quot;animation_tablet&quot;:&quot;fadeInUp&quot;,&quot;animation_mobile&quot;:&quot;fadeInUp&quot;}\">\n\t\t\t<div class=\"elementor-widget-wrap elementor-element-populated\">\n\t\t\t\t\t\t\t\t<div class=\"elementor-element elementor-element-a119ef4 elementor-widget elementor-widget-image\" data-id=\"a119ef4\" data-element_type=\"widget\" data-settings=\"{&quot;_animation_mobile&quot;:&quot;none&quot;}\" data-widget_type=\"image.default\">\n\t\t\t\t<div class=\"elementor-widget-container\">\n\t\t\t<style>\/*! elementor - v3.17.0 - 08-11-2023 *\/\n.elementor-widget-image{text-align:center}.elementor-widget-image a{display:inline-block}.elementor-widget-image a img[src$=\".svg\"]{width:48px}.elementor-widget-image img{vertical-align:middle;display:inline-block}<\/style>\t\t\t\t\t\t\t\t\t\t\t\t<img loading=\"lazy\" decoding=\"async\" width=\"780\" height=\"147\" src=\"https:\/\/i0.wp.com\/groupe-feuilleblanche.fr\/wp-content\/uploads\/2021\/08\/groupe-feuilleblanche-blanc%402x.png?fit=780%2C147&amp;ssl=1\" class=\"attachment-large size-large wp-image-189\" alt=\"\" \/>\t\t\t\t\t\t\t\t\t\t\t\t\t\t\t<\/div>\n\t\t\t\t<\/div>\n\t\t\t\t<div class=\"elementor-element elementor-element-15a2d1f elementor-widget__width-initial elementor-invisible elementor-widget elementor-widget-text-editor\" data-id=\"15a2d1f\" data-element_type=\"widget\" data-settings=\"{&quot;_animation&quot;:&quot;fadeInUp&quot;}\" data-widget_type=\"text-editor.default\">\n\t\t\t\t<div class=\"elementor-widget-container\">\n\t\t\t<style>\/*! elementor - v3.17.0 - 08-11-2023 *\/\n.elementor-widget-text-editor.elementor-drop-cap-view-stacked .elementor-drop-cap{background-color:#69727d;color:#fff}.elementor-widget-text-editor.elementor-drop-cap-view-framed .elementor-drop-cap{color:#69727d;border:3px solid;background-color:transparent}.elementor-widget-text-editor:not(.elementor-drop-cap-view-default) .elementor-drop-cap{margin-top:8px}.elementor-widget-text-editor:not(.elementor-drop-cap-view-default) .elementor-drop-cap-letter{width:1em;height:1em}.elementor-widget-text-editor .elementor-drop-cap{float:left;text-align:center;line-height:1;font-size:50px}.elementor-widget-text-editor .elementor-drop-cap-letter{display:inline-block}<\/style>\t\t\t\t<p>D\u00e9couvrez l&rsquo;ensemble de nos univers : travaux de d\u00e9coration, Atelier de confection, logiciels &#8230;<\/p>\t\t\t\t\t\t<\/div>\n\t\t\t\t<\/div>\n\t\t\t\t<div class=\"elementor-element elementor-element-1635d2b elementor-widget__width-initial elementor-view-default elementor-invisible elementor-widget elementor-widget-icon\" data-id=\"1635d2b\" data-element_type=\"widget\" data-settings=\"{&quot;_animation&quot;:&quot;zoomIn&quot;}\" data-widget_type=\"icon.default\">\n\t\t\t\t<div class=\"elementor-widget-container\">\n\t\t\t\t\t<div class=\"elementor-icon-wrapper\">\n\t\t\t<a class=\"elementor-icon elementor-animation-pulse\" href=\"#map\">\n\t\t\t<i aria-hidden=\"true\" class=\"icon icon-arrow-down-circle\"><\/i>\t\t\t<\/a>\n\t\t<\/div>\n\t\t\t\t<\/div>\n\t\t\t\t<\/div>\n\t\t\t\t\t<\/div>\n\t\t<\/div>\n\t\t\t\t<div class=\"elementor-column elementor-col-50 elementor-top-column elementor-element elementor-element-add0dc2\" data-id=\"add0dc2\" data-element_type=\"column\" data-settings=\"{&quot;animation_mobile&quot;:&quot;fadeInUp&quot;}\">\n\t\t\t<div class=\"elementor-widget-wrap\">\n\t\t\t\t\t\t\t\t\t<\/div>\n\t\t<\/div>\n\t\t\t\t\t\t\t<\/div>\n\t\t<\/section>\n\t\t\t\t<section class=\"elementor-section elementor-top-section elementor-element elementor-element-8dcbe4a elementor-section-boxed elementor-section-height-default elementor-section-height-default wpr-particle-no wpr-jarallax-no wpr-parallax-no wpr-sticky-section-no wpr-equal-height-no\" data-id=\"8dcbe4a\" data-element_type=\"section\">\n\t\t\t\t\t\t<div class=\"elementor-container elementor-column-gap-default\">\n\t\t\t\t\t<div class=\"elementor-column elementor-col-100 elementor-top-column elementor-element elementor-element-21d45d1\" data-id=\"21d45d1\" data-element_type=\"column\">\n\t\t\t<div class=\"elementor-widget-wrap elementor-element-populated\">\n\t\t\t\t\t\t\t\t<div class=\"elementor-element elementor-element-8306a22 elementor-invisible elementor-widget elementor-widget-heading\" data-id=\"8306a22\" data-element_type=\"widget\" data-settings=\"{&quot;_animation&quot;:&quot;fadeInUp&quot;}\" data-widget_type=\"heading.default\">\n\t\t\t\t<div class=\"elementor-widget-container\">\n\t\t\t<style>\/*! elementor - v3.17.0 - 08-11-2023 *\/\n.elementor-heading-title{padding:0;margin:0;line-height:1}.elementor-widget-heading .elementor-heading-title[class*=elementor-size-]>a{color:inherit;font-size:inherit;line-height:inherit}.elementor-widget-heading .elementor-heading-title.elementor-size-small{font-size:15px}.elementor-widget-heading .elementor-heading-title.elementor-size-medium{font-size:19px}.elementor-widget-heading .elementor-heading-title.elementor-size-large{font-size:29px}.elementor-widget-heading .elementor-heading-title.elementor-size-xl{font-size:39px}.elementor-widget-heading .elementor-heading-title.elementor-size-xxl{font-size:59px}<\/style><h2 class=\"elementor-heading-title elementor-size-default\">Cr\u00e9\u00e9 en 2015 par Fabien Moreau, le Groupe Feuille Blanche est sp\u00e9cialis\u00e9 dans les m\u00e9tiers de l\u2019Habitat. Il rassemble plusieurs enseignes dont : <\/h2>\t\t<\/div>\n\t\t\t\t<\/div>\n\t\t\t\t<div class=\"elementor-element elementor-element-0359c78 elementor-invisible elementor-widget elementor-widget-text-editor\" data-id=\"0359c78\" data-element_type=\"widget\" data-settings=\"{&quot;_animation&quot;:&quot;fadeInUp&quot;}\" data-widget_type=\"text-editor.default\">\n\t\t\t\t<div class=\"elementor-widget-container\">\n\t\t\t\t\t\t\t<p>Cosika, une entreprise de d\u00e9coration d\u2019int\u00e9rieur, qui propose un accompagnement cl\u00e9 en main, de la conception du projet \u00e0 la r\u00e9alisation des travaux.<\/p><p>Delatelier, une marque d\u00e9di\u00e9e \u00e0 la fabrication de luminaires et d\u00e9co Made in France, cr\u00e9\u00e9s dans notre atelier vend\u00e9en.<\/p><p>Boost Ta Trybu, logiciel de conception 3D sorti du terrain, qui regroupe un ensemble complet d\u2019outils pour les professionnels de l\u2019ameublement et de la d\u00e9coration.<\/p>\t\t\t\t\t\t<\/div>\n\t\t\t\t<\/div>\n\t\t\t\t\t<\/div>\n\t\t<\/div>\n\t\t\t\t\t\t\t<\/div>\n\t\t<\/section>\n\t\t\t\t<section class=\"elementor-section elementor-top-section elementor-element elementor-element-1581591 elementor-section-boxed elementor-section-height-default elementor-section-height-default wpr-particle-no wpr-jarallax-no wpr-parallax-no wpr-sticky-section-no wpr-equal-height-no\" data-id=\"1581591\" data-element_type=\"section\">\n\t\t\t\t\t\t<div class=\"elementor-container elementor-column-gap-default\">\n\t\t\t\t\t<div class=\"elementor-column elementor-col-33 elementor-top-column elementor-element elementor-element-3ded7d8 elementor-invisible\" data-id=\"3ded7d8\" data-element_type=\"column\" data-settings=\"{&quot;animation&quot;:&quot;fadeInUp&quot;}\">\n\t\t\t<div class=\"elementor-widget-wrap elementor-element-populated\">\n\t\t\t\t\t\t\t\t<div class=\"elementor-element elementor-element-9b2cf43 elementor-widget__width-initial elementor-widget elementor-widget-image\" data-id=\"9b2cf43\" data-element_type=\"widget\" data-widget_type=\"image.default\">\n\t\t\t\t<div class=\"elementor-widget-container\">\n\t\t\t\t\t\t\t\t\t\t\t\t\t\t\t\t<a href=\"https:\/\/cosika.fr\" target=\"_blank\">\n\t\t\t\t\t\t\t<img loading=\"lazy\" decoding=\"async\" width=\"496\" height=\"705\" src=\"https:\/\/i0.wp.com\/groupe-feuilleblanche.fr\/wp-content\/uploads\/2024\/06\/COSIKA-v2.png?fit=496%2C705&amp;ssl=1\" class=\"elementor-animation-grow attachment-full size-full wp-image-762\" alt=\"\" srcset=\"https:\/\/i0.wp.com\/groupe-feuilleblanche.fr\/wp-content\/uploads\/2024\/06\/COSIKA-v2.png?w=496&amp;ssl=1 496w, https:\/\/i0.wp.com\/groupe-feuilleblanche.fr\/wp-content\/uploads\/2024\/06\/COSIKA-v2.png?resize=211%2C300&amp;ssl=1 211w\" sizes=\"auto, (max-width: 496px) 100vw, 496px\" \/>\t\t\t\t\t\t\t\t<\/a>\n\t\t\t\t\t\t\t\t\t\t\t\t\t\t\t<\/div>\n\t\t\t\t<\/div>\n\t\t\t\t<div class=\"elementor-element elementor-element-b07e62a elementor-align-center elementor-widget elementor-widget-button\" data-id=\"b07e62a\" data-element_type=\"widget\" data-widget_type=\"button.default\">\n\t\t\t\t<div class=\"elementor-widget-container\">\n\t\t\t\t\t<div class=\"elementor-button-wrapper\">\n\t\t\t<a class=\"elementor-button elementor-button-link elementor-size-xs\" href=\"https:\/\/cosika.fr\" target=\"_blank\">\n\t\t\t\t\t\t<span class=\"elementor-button-content-wrapper\">\n\t\t\t\t\t\t<span class=\"elementor-button-icon elementor-align-icon-left\">\n\t\t\t\t<i aria-hidden=\"true\" class=\"icon icon-arrow-right-circle\"><\/i>\t\t\t<\/span>\n\t\t\t\t\t\t<span class=\"elementor-button-text\">D\u00e9couvrir le site<\/span>\n\t\t<\/span>\n\t\t\t\t\t<\/a>\n\t\t<\/div>\n\t\t\t\t<\/div>\n\t\t\t\t<\/div>\n\t\t\t\t\t<\/div>\n\t\t<\/div>\n\t\t\t\t<div class=\"elementor-column elementor-col-33 elementor-top-column elementor-element elementor-element-ee14103 elementor-invisible\" data-id=\"ee14103\" data-element_type=\"column\" data-settings=\"{&quot;animation&quot;:&quot;fadeInUp&quot;,&quot;animation_delay&quot;:200}\">\n\t\t\t<div class=\"elementor-widget-wrap elementor-element-populated\">\n\t\t\t\t\t\t\t\t<div class=\"elementor-element elementor-element-5b1b8e4 elementor-widget elementor-widget-image\" data-id=\"5b1b8e4\" data-element_type=\"widget\" data-widget_type=\"image.default\">\n\t\t\t\t<div class=\"elementor-widget-container\">\n\t\t\t\t\t\t\t\t\t\t\t\t\t\t\t\t<a href=\"https:\/\/delatelier.fr\" target=\"_blank\">\n\t\t\t\t\t\t\t<img loading=\"lazy\" decoding=\"async\" width=\"496\" height=\"705\" src=\"https:\/\/i0.wp.com\/groupe-feuilleblanche.fr\/wp-content\/uploads\/2024\/06\/DELATELIER-v2.png?fit=496%2C705&amp;ssl=1\" class=\"elementor-animation-grow attachment-full size-full wp-image-763\" alt=\"\" srcset=\"https:\/\/i0.wp.com\/groupe-feuilleblanche.fr\/wp-content\/uploads\/2024\/06\/DELATELIER-v2.png?w=496&amp;ssl=1 496w, https:\/\/i0.wp.com\/groupe-feuilleblanche.fr\/wp-content\/uploads\/2024\/06\/DELATELIER-v2.png?resize=211%2C300&amp;ssl=1 211w\" sizes=\"auto, (max-width: 496px) 100vw, 496px\" \/>\t\t\t\t\t\t\t\t<\/a>\n\t\t\t\t\t\t\t\t\t\t\t\t\t\t\t<\/div>\n\t\t\t\t<\/div>\n\t\t\t\t<div class=\"elementor-element elementor-element-ccb7622 elementor-align-center elementor-widget elementor-widget-button\" data-id=\"ccb7622\" data-element_type=\"widget\" data-widget_type=\"button.default\">\n\t\t\t\t<div class=\"elementor-widget-container\">\n\t\t\t\t\t<div class=\"elementor-button-wrapper\">\n\t\t\t<a class=\"elementor-button elementor-button-link elementor-size-xs\" href=\"https:\/\/delatelier.fr\" target=\"_blank\">\n\t\t\t\t\t\t<span class=\"elementor-button-content-wrapper\">\n\t\t\t\t\t\t<span class=\"elementor-button-icon elementor-align-icon-left\">\n\t\t\t\t<i aria-hidden=\"true\" class=\"icon icon-arrow-right-circle\"><\/i>\t\t\t<\/span>\n\t\t\t\t\t\t<span class=\"elementor-button-text\">D\u00e9couvrir le site<\/span>\n\t\t<\/span>\n\t\t\t\t\t<\/a>\n\t\t<\/div>\n\t\t\t\t<\/div>\n\t\t\t\t<\/div>\n\t\t\t\t\t<\/div>\n\t\t<\/div>\n\t\t\t\t<div class=\"elementor-column elementor-col-33 elementor-top-column elementor-element elementor-element-9337b6e elementor-invisible\" data-id=\"9337b6e\" data-element_type=\"column\" data-settings=\"{&quot;animation&quot;:&quot;fadeInUp&quot;,&quot;animation_delay&quot;:400}\">\n\t\t\t<div class=\"elementor-widget-wrap elementor-element-populated\">\n\t\t\t\t\t\t\t\t<div class=\"elementor-element elementor-element-28c3e8b elementor-widget elementor-widget-image\" data-id=\"28c3e8b\" data-element_type=\"widget\" data-widget_type=\"image.default\">\n\t\t\t\t<div class=\"elementor-widget-container\">\n\t\t\t\t\t\t\t\t\t\t\t\t\t\t\t\t<a href=\"https:\/\/www.boosttatrybu.com\" target=\"_blank\">\n\t\t\t\t\t\t\t<img loading=\"lazy\" decoding=\"async\" width=\"496\" height=\"705\" src=\"https:\/\/i0.wp.com\/groupe-feuilleblanche.fr\/wp-content\/uploads\/2024\/06\/btt-v2.png?fit=496%2C705&amp;ssl=1\" class=\"elementor-animation-grow attachment-full size-full wp-image-764\" alt=\"\" srcset=\"https:\/\/i0.wp.com\/groupe-feuilleblanche.fr\/wp-content\/uploads\/2024\/06\/btt-v2.png?w=496&amp;ssl=1 496w, https:\/\/i0.wp.com\/groupe-feuilleblanche.fr\/wp-content\/uploads\/2024\/06\/btt-v2.png?resize=211%2C300&amp;ssl=1 211w\" sizes=\"auto, (max-width: 496px) 100vw, 496px\" \/>\t\t\t\t\t\t\t\t<\/a>\n\t\t\t\t\t\t\t\t\t\t\t\t\t\t\t<\/div>\n\t\t\t\t<\/div>\n\t\t\t\t<div class=\"elementor-element elementor-element-b1c962e elementor-align-center elementor-widget elementor-widget-button\" data-id=\"b1c962e\" data-element_type=\"widget\" data-widget_type=\"button.default\">\n\t\t\t\t<div class=\"elementor-widget-container\">\n\t\t\t\t\t<div class=\"elementor-button-wrapper\">\n\t\t\t<a class=\"elementor-button elementor-button-link elementor-size-xs\" href=\"https:\/\/www.boosttatrybu.com\" target=\"_blank\">\n\t\t\t\t\t\t<span class=\"elementor-button-content-wrapper\">\n\t\t\t\t\t\t<span class=\"elementor-button-icon elementor-align-icon-left\">\n\t\t\t\t<i aria-hidden=\"true\" class=\"icon icon-arrow-right-circle\"><\/i>\t\t\t<\/span>\n\t\t\t\t\t\t<span class=\"elementor-button-text\">D\u00e9couvrir le site<\/span>\n\t\t<\/span>\n\t\t\t\t\t<\/a>\n\t\t<\/div>\n\t\t\t\t<\/div>\n\t\t\t\t<\/div>\n\t\t\t\t\t<\/div>\n\t\t<\/div>\n\t\t\t\t\t\t\t<\/div>\n\t\t<\/section>\n\t\t\t\t<section class=\"elementor-section elementor-top-section elementor-element elementor-element-8c5c0ed elementor-section-full_width elementor-section-height-default elementor-section-height-default wpr-particle-no wpr-jarallax-no wpr-parallax-no wpr-sticky-section-no wpr-equal-height-no\" data-id=\"8c5c0ed\" data-element_type=\"section\" data-settings=\"{&quot;background_background&quot;:&quot;classic&quot;}\">\n\t\t\t\t\t\t<div class=\"elementor-container elementor-column-gap-default\">\n\t\t\t\t\t<div class=\"elementor-column elementor-col-50 elementor-top-column elementor-element elementor-element-b51a0de\" data-id=\"b51a0de\" data-element_type=\"column\">\n\t\t\t<div class=\"elementor-widget-wrap elementor-element-populated\">\n\t\t\t\t\t\t\t\t<div class=\"elementor-element elementor-element-370f5b6 elementor-invisible elementor-widget elementor-widget-heading\" data-id=\"370f5b6\" data-element_type=\"widget\" data-settings=\"{&quot;_animation&quot;:&quot;fadeInUp&quot;}\" data-widget_type=\"heading.default\">\n\t\t\t\t<div class=\"elementor-widget-container\">\n\t\t\t<h2 class=\"elementor-heading-title elementor-size-default\">Qui sommes-nous ?<\/h2>\t\t<\/div>\n\t\t\t\t<\/div>\n\t\t\t\t<div class=\"elementor-element elementor-element-5289753 elementor-invisible elementor-widget elementor-widget-text-editor\" data-id=\"5289753\" data-element_type=\"widget\" data-settings=\"{&quot;_animation&quot;:&quot;fadeInUp&quot;}\" data-widget_type=\"text-editor.default\">\n\t\t\t\t<div class=\"elementor-widget-container\">\n\t\t\t\t\t\t\t<p>Le groupe Feuille Blanche est n\u00e9 de la volont\u00e9 de cr\u00e9er une synergie entre plusieurs entit\u00e9s compl\u00e9mentaires pour offrir une gamme compl\u00e8te de solutions dans le secteur de l\u2019habitat.<\/p><p>Nous rassemblons plusieurs enseignes sous une m\u00eame banni\u00e8re :<\/p><p>Cosika, notre \u00e9tiquette de distributeur, est sp\u00e9cialis\u00e9e dans la d\u00e9coration d\u2019int\u00e9rieur. Nous nous occupons de tout, de la conception du projet \u00e0 la r\u00e9alisation des travaux, pour transformer les espaces de vie de nos clients.<\/p><p>Delatelier, notre \u00e9tiquette de fabricant, con\u00e7oit et produit des luminaires et autres accessoires d\u00e9co 100% Made in France. Cette marque incarne notre passion pour l\u2019innovation et la qualit\u00e9 artisanale.<\/p><p>Boost Ta Trybu, notre \u00e9diteur de logiciel, d\u00e9veloppe des outils technologiques avanc\u00e9s pour faciliter la gestion et la cr\u00e9ation pour les professionnels du meuble et de la d\u00e9coration. Ainsi, nous aidons nos clients \u00e0 optimiser leurs ventes et \u00e0 am\u00e9liorer leur productivit\u00e9.<\/p><p>Notre objectif au sein du groupe Feuille Blanche est de continuer \u00e0 innover tout en fournissants des services et produits de qualit\u00e9, en restant toujours \u00e0 l\u2019\u00e9coute des besoins de nos clients.<\/p><p>Fabien Moreau<\/p>\t\t\t\t\t\t<\/div>\n\t\t\t\t<\/div>\n\t\t\t\t\t<\/div>\n\t\t<\/div>\n\t\t\t\t<div class=\"elementor-column elementor-col-50 elementor-top-column elementor-element elementor-element-1371b7f\" data-id=\"1371b7f\" data-element_type=\"column\" data-settings=\"{&quot;animation_tablet&quot;:&quot;fadeInUp&quot;}\">\n\t\t\t<div class=\"elementor-widget-wrap elementor-element-populated\">\n\t\t\t\t\t\t\t\t<div class=\"elementor-element elementor-element-9ef0bc4 elementor-invisible elementor-widget elementor-widget-image\" data-id=\"9ef0bc4\" data-element_type=\"widget\" data-settings=\"{&quot;_animation&quot;:&quot;fadeInUp&quot;}\" data-widget_type=\"image.default\">\n\t\t\t\t<div class=\"elementor-widget-container\">\n\t\t\t\t\t\t\t\t\t\t\t\t\t\t\t<img data-recalc-dims=\"1\" decoding=\"async\" src=\"https:\/\/i0.wp.com\/groupe-feuilleblanche.fr\/wp-content\/uploads\/elementor\/thumbs\/fabien-1-qpneqzkn31935wb1h4s423i5vljf8phhmbooilrrb4.png?w=1200&#038;ssl=1\" title=\"fabien 1\" alt=\"fabien 1\" loading=\"lazy\" \/>\t\t\t\t\t\t\t\t\t\t\t\t\t\t\t<\/div>\n\t\t\t\t<\/div>\n\t\t\t\t\t<\/div>\n\t\t<\/div>\n\t\t\t\t\t\t\t<\/div>\n\t\t<\/section>\n\t\t\t\t\t\t\t<\/div>\n\t\t","protected":false},"excerpt":{"rendered":"<p>D\u00e9couvrez l&rsquo;ensemble de nos univers : travaux de d\u00e9coration, Atelier de confection, logiciels &#8230; Cr\u00e9\u00e9 en 2015 par Fabien Moreau, le Groupe Feuille Blanche est sp\u00e9cialis\u00e9 dans les m\u00e9tiers de l\u2019Habitat. Il rassemble plusieurs enseignes dont : Cosika, une entreprise de d\u00e9coration d\u2019int\u00e9rieur, qui propose un accompagnement cl\u00e9 en main, de la conception du projet \u00e0 la r\u00e9alisation des travaux. Delatelier, une marque d\u00e9di\u00e9e \u00e0 la fabrication de luminaires et d\u00e9co Made in France, cr\u00e9\u00e9s dans notre atelier vend\u00e9en. Boost Ta Trybu, logiciel de conception 3D sorti du terrain, qui regroupe un ensemble complet d\u2019outils pour les professionnels de l\u2019ameublement et de la d\u00e9coration. D\u00e9couvrir le site D\u00e9couvrir le site D\u00e9couvrir le site Qui sommes-nous ? Le groupe Feuille Blanche est n\u00e9 de la volont\u00e9 de cr\u00e9er une synergie entre plusieurs entit\u00e9s compl\u00e9mentaires pour offrir une gamme compl\u00e8te de solutions dans le secteur de l\u2019habitat. Nous rassemblons plusieurs enseignes sous une m\u00eame banni\u00e8re : Cosika, notre \u00e9tiquette de distributeur, est sp\u00e9cialis\u00e9e dans la d\u00e9coration d\u2019int\u00e9rieur. Nous nous occupons de tout, de la conception du projet \u00e0 la r\u00e9alisation des travaux, pour transformer les espaces de vie de nos clients. Delatelier, notre \u00e9tiquette de fabricant, con\u00e7oit et produit des luminaires et autres accessoires d\u00e9co 100% Made in France. Cette marque incarne notre passion pour l\u2019innovation et la qualit\u00e9 artisanale. Boost Ta Trybu, notre \u00e9diteur de logiciel, d\u00e9veloppe des outils technologiques avanc\u00e9s pour faciliter la gestion et la cr\u00e9ation pour les professionnels du meuble et de la d\u00e9coration. Ainsi, nous aidons nos clients \u00e0 optimiser leurs ventes et \u00e0 am\u00e9liorer leur productivit\u00e9. Notre objectif au sein du groupe Feuille Blanche est de continuer \u00e0 innover tout en fournissants des services et produits de qualit\u00e9, en restant toujours \u00e0 l\u2019\u00e9coute des besoins de nos clients. Fabien Moreau<\/p>\n","protected":false},"author":1,"featured_media":0,"parent":0,"menu_order":0,"comment_status":"closed","ping_status":"closed","template":"page-templates\/template-pagebuilder-full-width.php","meta":{"neve_meta_sidebar":"","neve_meta_container":"","neve_meta_enable_content_width":"","neve_meta_content_width":0,"neve_meta_title_alignment":"","neve_meta_author_avatar":"","neve_post_elements_order":"","neve_meta_disable_header":"","neve_meta_disable_footer":"","neve_meta_disable_title":"","footnotes":""},"class_list":["post-274","page","type-page","status-publish","hentry"],"jetpack_sharing_enabled":true,"_links":{"self":[{"href":"https:\/\/groupe-feuilleblanche.fr\/index.php?rest_route=\/wp\/v2\/pages\/274","targetHints":{"allow":["GET"]}}],"collection":[{"href":"https:\/\/groupe-feuilleblanche.fr\/index.php?rest_route=\/wp\/v2\/pages"}],"about":[{"href":"https:\/\/groupe-feuilleblanche.fr\/index.php?rest_route=\/wp\/v2\/types\/page"}],"author":[{"embeddable":true,"href":"https:\/\/groupe-feuilleblanche.fr\/index.php?rest_route=\/wp\/v2\/users\/1"}],"replies":[{"embeddable":true,"href":"https:\/\/groupe-feuilleblanche.fr\/index.php?rest_route=%2Fwp%2Fv2%2Fcomments&post=274"}],"version-history":[{"count":302,"href":"https:\/\/groupe-feuilleblanche.fr\/index.php?rest_route=\/wp\/v2\/pages\/274\/revisions"}],"predecessor-version":[{"id":898,"href":"https:\/\/groupe-feuilleblanche.fr\/index.php?rest_route=\/wp\/v2\/pages\/274\/revisions\/898"}],"wp:attachment":[{"href":"https:\/\/groupe-feuilleblanche.fr\/index.php?rest_route=%2Fwp%2Fv2%2Fmedia&parent=274"}],"curies":[{"name":"wp","href":"https:\/\/api.w.org\/{rel}","templated":true}]}}